10, what is -1941674 - 3?
-1941677
In base 16, what is -405e10 + 2?
-405e0e
In base 8, what is 736756 - 7?
736747
In base 4, what is 2010213 - -120?
2010333
In base 15, what is 1e - -aee?
b1d
In base 12, what is 5b64 + 14?
5b78
In base 10, what is 4 - 3916?
-3912
In base 2, what is 1010000001001 + 10000000?
1010010001001
In base 14, what is -28 + -8547?
-8571
In base 4, what is -3010203132 - -3?
-3010203123
In base 9, what is 555 - -127?
683
In base 9, what is 227 + -134?
83
In base 16, what is -1b21f + -1?
-1b220
In base 5, what is 21413130 + -20?
21413110
In base 3, what is 221120111 - 1102?
221112002
In base 7, what is 3331 + 24?
3355
In base 11, what is -9823 + 1?
-9822
In base 15, what is -4 + -1a76?
-1a7a
In base 9, what is -17 + 75?
57
In base 14, what is 182 - 3d?
143
In base 2, what is 10111101101000100 - 100?
10111101101000000
In base 9, what is 200287 - -27?
200325
In base 12, what is -5 - 213b5?
-213ba
In base 3, what is -2210011221 - -10?
-2210011211
In base 2, what is -100100101111110100 - -1?
-100100101111110011
In base 10, what is 971 - -8?
979
In base 2, what is 10100110110000010 - 0?
10100110110000010
In base 15, what is -2e4 + 2c?
-2b7
In base 5, what is 2201403 + -2?
2201401
In base 15, what is 2 - -3251?
3253
In base 12, what is -4632b + 1?
-4632a
In base 5, what is -211 - -313432?
313221
In base 11, what is -15689 + 2?
-15687
In base 10, what is -1 + -16310?
-16311
In base 14, what is 5 - 90633?
-9062c
In base 9, what is 14705 - 58?
14636
In base 9, what is -1 + -21213?
-21214
In base 9, what is 0 + 3710?
3710
In base 4, what is -20110 - -20022?
-22
In base 5, what is -134440210 - 10?
-134440220
In base 16, what is 7d + -a2b?
-9ae
In base 2, what is 1001101011100011 + 1?
1001101011100100
In base 11, what is 4 + 90060?
90064
In base 9, what is 206827 + -17?
206810
In base 16, what is 2 + -cb86?
-cb84
In base 9, what is -371 + -841?
-1322
In base 13, what is c - 8a3?
-894
In base 8, what is -3210540 - 4?
-3210544
In base 6, what is 11255254 + 1?
11255255
In base 4, what is 13133 + 1100?
20233
In base 6, what is 3 + -1050201?
-1050154
In base 9, what is -3 + -8501?
-8504
In base 9, what is -766474 - -1?
-766473
In base 12, what is a + 1910a?
19118
In base 8, what is -4762 - 20?
-5002
In base 2, what is -11111000001111001 + -111?
-11111000010000000
In base 16, what is 8 - 29be5?
-29bdd
In base 14, what is 9 + -2897?
-288c
In base 9, what is -5 + 73831?
73825
In base 4, what is -101130 + -123?
-101313
In base 13, what is -1ab0 + 63?
-1a4a
In base 3, what is 11222001010 - -2?
11222001012
In base 5, what is -43010 - 1424?
-44434
In base 12, what is -4a18 - -11?
-4a07
In base 4, what is -10103333 + -3?
-10110002
In base 12, what is ab32 + 5?
ab37
In base 8, what is -4 - 1235472?
-1235476
In base 4, what is 11303110 + 1?
11303111
In base 2, what is 110001011 + 10010001?
1000011100
In base 6, what is 1 - -24244?
24245
In base 5, what is -40 - -244130?
244040
In base 3, what is 122212222 + -1?
122212221
In base 15, what is -5 + 6ccd4?
6ccce
In base 8, what is 362425 + 1?
362426
In base 15, what is -222 + -a0?
-2c2
In base 3, what is 20122 + -101001?
-10102
In base 3, what is 1 - 100121202011?
-100121202010
In base 4, what is 2031 + 11200?
13231
In base 6, what is -211 + -3243?
-3454
In base 10, what is -142 - 2169?
-2311
In base 10, what is -4836 + 344?
-4492
In base 8, what is 0 + -256066?
-256066
In base 3, what is -122022001202 - 2?
-122022001211
In base 9, what is 787385 - -2?
787387
In base 12, what is -56 - -176?
120
In base 8, what is 141 + 222?
363
In base 13, what is 4 + 16754?
16758
In base 7, what is 3 + 551215?
551221
In base 14, what is -5 - 57cd8?
-57cdd
In base 12, what is 2971 + -433?
253a
In base 15, what is -35bab - 3?
-35bae
In base 12, what is -4592 - -42?
-4550
In base 3, what is -11 + 122101220222?
122101220211
In base 15, what is 3e + 177?
1b6
In base 2, what is 11 + 11100000010010100?
11100000010010111
In base 5, what is 21023 - 1322?
14201
In base 11, what is -636 + 386?
-260
In base 9, what is 6417 + 6?
6424
In base 11, what is -148 + 393?
246
In base 6, what is -120 - 223342?
-223502
In base 11, what is 3 + 103780?
103783
In base 2, what is 100010100101111000 - -11?
100010100101111011
In base 15, what is -35c - -a?
-352
In base 16, what is 2c37d - 5?
2c378
In base 16, what is -3a + -ad?
-e7
In base 2, what is 10 + -10111001000100010?
-10111001000100000
In base 15, what is 361 - 1d08?
-1997
In base 15, what is -6c88 - d3?
-6d6b
In base 13, what is -5 + 16820?
16818
In base 7, what is 11 + -1463?
-1452
In base 11, what is -a73982 - -2?
-a73980
In base 9, what is 22231 - -4?
22235
In base 2, what is -1 + -110100100111110?
-110100100111111
In base 12, what is -1 + -135111?
-135112
In base 10, what is 215361 - 3?
215358
In base 15, what is -1e + -36a16?
-36a35
In base 9, what is 118 - 47?
61
In base 2, what is 11010001010010 - 1101?
11010001000101
In base 16, what is 2a6 - 1e?
288
In base 8, what is 4 - -255?
261
In base 16, what is -c258 + 5?
-c253
In base 3, what is 1 + 222001202?
222001210
In base 6, what is 520134 - 313?
515421
In base 4, what is 1200 + -33310?
-32110
In base 11, what is -234 + 46a?
236
In base 12, what is -5 - 1a13bb?
-1a1404
In base 4, what is 11213 + -11313?
-100
In base 14, what is -6c - -35c?
2d0
In base 13, what is -4 - -43c71?
43c6a
In base 11, what is -11 + 43883?
43872
In base 15, what is -3 - 94422?
-94425
In base 7, what is 201 - -1332?
1533
In base 2, what is 11001110100111011 - -10?
11001110100111101
In base 9, what is 157435 + 0?
157435
In base 11, what is -615 - -71?
-554
In base 5, what is 3 - 10422420?
-10422412
In base 12, what is -a4 + 3821?
3739
In base 4, what is 3231 + 12320?
22211
In base 10, what is -5 - 102479?
-102484
In base 15, what is -4 + c876?
c872
In base 7, what is 460 - -10345?
11135
In base 7, what is 50 - -13245?
13325
In base 13, what is -7 + 1228?
1221
In base 10, what is -4982 + -29?
-5011
In base 12, what is 24199b + -6?
241995
In base 16, what is 14e08 - 5?
14e03
In base 15, what is -807 - -25?
-7d2
In base 12, what is -72 - -18b8?
1846
In base 12, what is -5 + -121b0?
-121b5
In base 2, what is -111000001100 - -1010?
-111000000010
In base 2, what is -11 - -1010101111011010100?
1010101111011010001
In base 8, what is -401332 + -7?
-401341
In base 6, what is -102355 + 5?
-102350
In base 9, what is -4607666 + 4?
-4607662
In base 10, what is 7398302 - 2?
7398300
In base 11, what is -518a + 72?
-5118
In base 5, what is -12220423 + 112?
-12220311
In base 15, what is c6 - 66?
60
In base 9, what is -10 + 2105?
2085
In base 3, what is -221211 + -2221?
-1001202
In base 10, what is 8748 - 30?
8718
In base 6, what is -41 - 11203?
-11244
In base 9, what is 5 + -77677?
-77672
In base 9, what is -477 - 402?
-880
In base 3, what is 2 - -20112102111?
20112102120
In base 5, what is 40 + -13424143?
-13424103
In base 7, what is 30 - 34366?
-34336
In base 12, what is 5 + 16907?
16910
In base 15, what is a4b1 + -77?
a439
In base 16, what is 3 - e117?
-e114
In base 5, what is 230043 - -3?
230101
In base 14, what is -d08 - -a?
-cdc
In base 3, what is 222212 - -2?
222221
In base 2, what is -10 - 101010010001100010?
-101010010001100100
In base 2, what is 101101110000001101110 - 10?
101101110000001101100
In base 5, what is -221334 + 11?
-221323
In base 14, what is 1 + -29a5?
-29a4
In base 16, what is -1fd - -49?
-1b4
In base 14, what is -411c + 22?
-40da
In base 2, what is -100 + -11110110000001110111?
-11110110000001111011
In base 8, what is -2 + 37235?
37233
In base 14, what is -195 + -13d1?
-1586
In base 5, what is -42 + 1224303?
1224211
In base 4, what is -30011 + 13031?
-10320
In base 15, what is -1da + 29?
-1b1
In base 8, what is 23556 + 4?
23562
In base 9, what is -136226 + 6?
-136220
In base 10, what is 107069 - 0?
107069
In base 3, what is 2210102220 + -12?
2210102201
In base 6, what is 1 - -1244015?
1244020
In base 14, what is 7 + 2a83?
2a8a
In base 13, what is a9 + 924?
a00
In base 2, what is -11 - -11110010111001110?
11110010111001011
In base 6, what is -15 - -121211?
121152
In base 4, what is 12000 - 12211?
-211
In base 4, what is 122013 + -10030?
111323
In base 14, what is -4 + 19b4?
19b0
In base 9, what is 57588 - -2?
57601
In base 15, what is -45d + 208?
-2